ose 2*w - 4*r + 0*r = 8, -w + 3 = -r. Suppose -w*o = -5*b - 218, 0*b - 5*o = 5*b + 190. List the prime factors of (12/(-7))/(6/b).
2, 3
Let h = -15 + 23. Suppose -3*l + h*l = 10. Suppose 43 = l*m - 3*c, -4*m - 5*c + 92 = -27. List the prime factors of m.
2, 13
Let n = -22 - -25. Suppose 2*s - 15 = -n*s. Suppose -d = -s*d - q + 63, 4*d = 4*q + 108. List the prime factors of d.
2, 3, 5
Let p(z) = -12*z + 195. What are the prime factors of p(0)?
3, 5, 13
Let r be (-2 + -54 + (-3 - -6))*1. Let q = 154 + r. What are the prime factors of q?
101
Suppose 4*i = 3*t + 5, 0*i + 9 = 3*i + 3*t. Suppose i*l + 6 = 0, -3*l + 546 - 95 = 5*x. What are the prime factors of x?
2, 23
Let v be 11/(-9) + (-14)/(-63). Let h be v*1/(5/(-10)). Suppose 117 = h*m + m. List the prime factors of m.
3, 13
Suppose 0 = -4*f - 0*l + 5*l + 387, -3*f + l + 293 = 0. Let k be 4/(-10) - f/(-70). Let q(b) = 50*b**2 - 2*b + 2. What are the prime factors of q(k)?
2, 5
Let c = -77 + 93. What are the prime factors of c?
2
Let h be (28/6)/(6/9). Let t = h - -8. What are the prime factors of (t/10)/((-1)/(-14))?
3, 7
Suppose 4*t - 2*u - 8850 = 0, -2*t - 6*u + u = -4431. What are the prime factors of t?
2213
Let q be (-2463)/(-39) + 4/(-26). Let b be 14/q + (-176)/(-18). Suppose -4*s + b*k + 21 = 5*k, -5*k = -2*s + 13. What are the prime factors of s?
2
Suppose -2*n - c + 1 = 0, -4*n = -5*c + 2*c + 3. Suppose 2*a - 684 + 86 = n. List the prime factors of a.
13, 23
Suppose -6*z = -5*z - 4. Suppose z*r - 3*m = 457, 7*r = 4*r + 3*m + 339. What are the prime factors of r?
2, 59
Suppose 5*c - 1240 = m - 6137, -5*c + 19513 = 4*m. List the prime factors of m.
2, 2441
Let t(c) = 1860*c**2 + 8*c + 1. What are the prime factors of t(-1)?
17, 109
Let b(u) = 22*u**2 - 12*u + 1. What are the prime factors of b(-4)?
401
Suppose 0 = 3*u + 5*q + 16, 0*q = -u - 4*q - 17. Suppose -5*a = -12 - 8, -5*a = u*l - 605. List the prime factors of l.
3, 5, 13
Let n be 1/(0 + -1)*0. Suppose 44 - 206 = -9*a. Let l = a - n. What are the prime factors of l?
2, 3
Suppose -1 = -5*r + 9. Let y be r/(3*6/27). Suppose 3*o - 3 = -y*t + 6, 0 = -o + t + 5. List the prime factors of o.
2
Let t(f) be the third derivative of f**5/60 + 5*f**4/12 + 7*f**3/2 + 14*f**2. What are the prime factors of t(-10)?
3, 7
Let w be ((-5)/(-2) + -1)*-2. Let n be (-1 - w - 3)*0. Suppose 60 = 5*b - n*b. List the prime factors of b.
2, 3
Let g be 2/(-9) - (-47)/9. Suppose 4*j - g*l - 583 = -127, -j = -4*l - 103. List the prime factors of j.
7, 17
List the prime factors of (14016/8 - (3 + -3)) + 6.
2, 3, 293
Let w(p) = 22*p**3 + 3*p**2 + 16. What are the prime factors of w(4)?
2, 23
Let z = 3 + -1. Let t = 186 + -187. What are the prime factors of (-26)/(-2)*(t + z)?
13
Let n be (1 + -5 + 2)/(20/(-1250)). Let m = n + -47. List the prime factors of m.
2, 3, 13
Let f(g) = 4 - g**3 - 43*g + 5*g**2 + 25*g + 19*g. List the prime factors of f(-4).
2, 3
Let h be 78/(-4)*1/(-3)*-2. Suppose t - 64 + 26 = 0. Let j = t + h. List the prime factors of j.
5
Let y(w) be the third derivative of -w**6/120 + 7*w**5/60 - w**4/6 + w**3/6 + 9*w**2. Let t be y(6). Suppose 3*c + t - 88 = 0. List the prime factors of c.
5
Let s(b) = b**2 + 10*b - 5. Let t be s(-11). Suppose t*r - 6 = 3*r. Suppose 5*p - 124 = -r*o, -92 = -4*p - 7*o + 3*o. What are the prime factors of p?
2, 13
Suppose 0 = -9*v + 4*v + 10. What are the prime factors of 0 + 43 + (3 - v)?
2, 11
Let n(k) = -k - 1. Let h(f) = -f**2 + 4*f - 2. Suppose -5*c = -7 - 18. Let z be h(c). What are the prime factors of n(z)?
2, 3
Suppose a = 8*a + 98. List the prime factors of 606/14 - a/(-49).
43
Let o(w) = 35*w**2 - 32*w - 18. List the prime factors of o(6).
2, 3, 5, 7
Suppose 97 = x - 107. Let v = 363 - x. What are the prime factors of v?
3, 53
Let q(s) = -s**3 - 7*s**2 - s - 10. Let y be q(-7). Let v = y - -15. Suppose h - v = -2*h. What are the prime factors of h?
2
Suppose -2322 = -2*v - v. Let k be (-2)/7 + v/63. What are the prime factors of (k/(-8))/((-3)/16)?
2
Let z(i) = i**2 + 11*i. Let j be z(-11). Suppose -5*o - o + 90 = j. What are the prime factors of o?
3, 5
Let y = 2637 + -984. List the prime factors of y.
3, 19, 29
Suppose -5 - 5 = -2*x. Suppose 3 = -3*t - z - 4, 35 = -x*t + 3*z. List the prime factors of 25/(t/(16/(-4))).
5
Let m be 52/(3 + -1) + 0. Let j = 8 - m. Let d = 1 - j. What are the prime factors of d?
19
Suppose -6*j = -2*j + 2*q - 60, -5*q = 3*j - 38. Let b = -149 - -180. Let t = b - j. What are the prime factors of t?
3, 5
Let g be (-40)/16*(-56)/10. Suppose 85 + g = -3*a. Let b = 5 - a. What are the prime factors of b?
2, 19
Let d = -114 - -182. Let w = 134 - d. List the prime factors of w/11*3/1.
2, 3
Suppose -3*m + 3*v + 4703 = 7*v, -3*m + 4663 = -4*v. List the prime factors of m.
7, 223
Let w(y) = 25*y - 5. Let h be w(9). Suppose 2*k = -5*q + h, -3*k - 3*q = -2*q - 330. What are the prime factors of k?
2, 5, 11
List the prime factors of 110/10 - (-8 - 1362).
1381
Let j = -2053 + 3657. What are the prime factors of j?
2, 401
Suppose 0 = f, 2*w - 24 = -0*w - 5*f. Let j be (0 - -7)/(3/105). Suppose -w*k - j = -17*k. What are the prime factors of k?
7
Let u be (2*1)/(-1)*1. Let p be (2 + 5/(-2))/(19/(-798)). Let k = p - u. List the prime factors of k.
23
Suppose -5*w - 11015 - 2330 = -3*s, 4*s - 17824 = -w. What are the prime factors of s?
3, 5, 11
Let j be (-696)/7 - 20/35. What are the prime factors of -1 - j/8*2?
2, 3
Let u be 2/(-5) + 22/5. Let y(p) = 2*p + 10. Let m be y(-4). Suppose -87 + 17 = -5*x - u*h, 56 = m*x - 4*h. List the prime factors of x.
2, 3
Let y(n) = -n**2 + 7*n - 6. Let c be y(3). Suppose -3*l - 4*k = -356, -c*l + 3*k + 433 = -2*l. List the prime factors of l.
2, 7
Suppose 4*d - 106 - 70 = 0. Let x = 77 - d. What are the prime factors of x?
3, 11
Let f(p) = 28*p + 2. Let h(v) = 28*v + 1. Let d(l) = 6*f(l) - 7*h(l). List the prime factors of d(-2).
61
Suppose 3*p + 3*z - 1417 = 8*z, 949 = 2*p + z. What are the prime factors of p?
2, 3, 79
Let p be (-2)/13 + (-12438)/(-234). Suppose 56*g = p*g + 714. What are the prime factors of g?
2, 7, 17
Suppose -1173 = -o - 2*l, 68 = o - 3*l - 1125. List the prime factors of o.
1181
Suppose 65*a - 442 = 52*a. List the prime factors of a.
2, 17
Let y be 0 - 5/((-4)/4). Suppose 5*j - 4*g - 924 = -0*j, 3*g + 923 = y*j. List the prime factors of j.
2, 23
Let x(a) = 2*a + 11. Let z be x(6). What are the prime factors of z/(((-6)/9)/(28/(-6)))?
7, 23
Let v be (-2)/(-1*389/129 + 3). Let r = v - 100. List the prime factors of r.
29
Suppose 5*g - 1154 = 13*l - 15*l, -2*g = 3*l - 1753. What are the prime factors of l?
587
List the prime factors of (-1)/(-1 + -2) - (-185108)/66.
3, 5, 11, 17
List the prime factors of ((-8)/(-3))/((-8)/(-1008)).
2, 3, 7
Suppose u + 4 = -d, -3*u = 4*d + 10 + 10. Let y = 61 + d. Suppose -2*o + 122 = 3*o - 3*v, 2*o - y = -3*v. List the prime factors of o.
5
Let g be 3/12 + -2 + (-1326)/(-8). Suppose g = 4*a + 4*d - 352, a = -5*d + 129. What are the prime factors of a?
3, 43
Suppose -8 = -u - 11. List the prime factors of (2 - -1)/u + 34.
3, 11
Let q(j) = 4*j**2 + 22*j + 54. What are the prime factors of q(9)?
2, 3
Let c be (6 + -7)/(1/(-149)). Suppose -4*w - 280 = -4*j, -2*j - 3*w + 2*w = -c. What are the prime factors of j?
73
Suppose -3*b - 6 = -6*b + 2*l, -5*b = -3*l - 9. Let k(a) = a**2 + 3*a + 27. What are the prime factors of k(b)?
3
Let c(s) = s**3 + 5*s**2 + 7*s + 16. Let v be c(-3). Suppose -2*f + 5*p = -0*f - 22, -3*f = -5*p - 43. Let r = v + f. What are the prime factors of r?
2, 17
Suppose 0 = b - 0*b + 126. Let c = 186 + b. List the prime factors of c.
2, 3, 5
Let s(d) = 23*d + 6. Let v be s(3). Let r = v - -91. Suppose -73 = -2*l - 4*t + t, 5*l - r = -2*t. What are the prime factors of l?
2
Let m = -43 - -43. Suppose m = -2*u - 4*s + 214, -211 = -2*u + 3*s + 10. What are the prime factors of u?
109
Let i = -5 + 1. Let l be (i - (0 + -4)) + 1. List the prime factors of (24 - 14) + l + 1.
2, 3
Let d = -115 - -227. Suppose s + d = -s. Let p = 86 + s. List the prime factors of p.
2, 3, 5
Suppose -15 = -3*r + 57. Suppose 26*n - 12 = r*n. What are the prime factors of (1 - 3/n)*86?
43
Suppose 0 = -c + b - 0*b - 5, -5*c - 5*b = 35. Let p(w) = -3*w - 9. Let k be p(c). Let o = -2 + k. What are the prime 